e 5*m = -14 - 6, 0 = 3*t + 4*m - 44. Suppose -32*y - 3399 = -4999. Calculate the highest common divisor of y and t.
10
Let b(c) = -296*c - 1640. Let v be b(-6). What is the highest common divisor of v and 26?
2
Suppose -4*f - 2*k + 37054 = 5314, 3*k = -18. What is the highest common divisor of f and 28?
14
Let z = 213 + -147. Suppose -4*w = -282 + z. Calculate the highest common factor of 243 and w.
27
Let y(s) = -s**3 - s**2 + 1. Let a be (2/(-8))/(15/60). Let r be y(a). Let z be ((-6)/(-1))/(r + 64/(-66)). Calculate the greatest common divisor of z and 18.
18
Let q be (4/12)/((-6)/(-144)). Suppose 0 = -2*n + 21 + 23. Suppose -3*a - 5*c = -14, 2*c + n - 2 = 2*a. What is the greatest common divisor of a and q?
8
Let d(l) = -23*l - 11. Let j be d(-5). Suppose 2*p + 6*a - a - 147 = 0, -2*a = -p + 60. Let r = j - p. Calculate the highest common factor of r and 19.
19
Let b = 25170 + -25115. Let z(v) = 3*v - 4. Let t be z(5). Calculate the highest common factor of t and b.
11
Let o(m) = -109*m**2 + 2*m + 1. Let s be o(1). Let c = s - -172. Let z = c - 40. Calculate the highest common divisor of z and 104.
26
Suppose -6*w + 1660 = 148. Let z(f) = -4*f + 12. Let t be z(-4). Calculate the highest common divisor of w and t.
28
Suppose 3*r = 47 + 1. What is the greatest common factor of r and 1312?
16
Suppose 3*o - 4*r - 10931 = 0, 4*o = r + 5033 + 9507. What is the highest common divisor of 42 and o?
21
Let i(k) = 44*k - 1829. Let j be i(42). What is the greatest common divisor of 2660 and j?
19
Let i be 1136/9 + (-2)/9. Let m = -4577 + 3221. Let s = 1384 + m. What is the greatest common divisor of i and s?
14
Let w(u) = -481*u + 5914. Let m be w(9). Calculate the greatest common factor of m and 20.
5
Let p(j) = -73*j - 1394. Let o be p(-92). Calculate the highest common factor of 12 and o.
6
Let o be (((-24)/(-4))/(-18))/(3/(-1125)). Suppose 2*g - g - 5 = 0. Calculate the greatest common divisor of g and o.
5
Suppose 3*v = m - 365, 106*m - 1471 = 102*m + v. Suppose d - 6 = 10. What is the highest common factor of m and d?
16
Let u = 15266 + -15181. What is the highest common divisor of u and 4250?
85
Let j(r) = 3*r**2 + 9*r - 1. Let f be j(-7). Suppose -4*h - 91 = -f. Let t be -1 + 6 - (h - -1). What is the greatest common divisor of t and 8?
2
Suppose 0 = 33*i - 42*i. Suppose 4*f + 2*w = 0, 7*f - 4*f + 4*w + 5 = i. Calculate the greatest common factor of 32 and f.
1
Let w = -3327 - -3351. Suppose 0 = 5*r + 25, 12 = c + 5*r + 31. What is the greatest common divisor of c and w?
6
Suppose -3*a - 2*t + 1 = 0, -3*t + 6 = 3*a - 0*t. Let u be a*-1*((128 - 1) + 2). Suppose -u = -8*o + 109. What is the greatest common factor of o and 496?
62
Let b be 1*1791 + 2 - 1. Let z(w) = 109*w**2 + 2587*w - 668. Let q be z(-24). What is the highest common factor of b and q?
28
Suppose 9 + 106 = 10*z + 13*z. Calculate the highest common divisor of 131 and z.
1
Let f = 98 + -83. Suppose -f = 5*s, -2*n = -0*n + s - 305. Calculate the highest common factor of 98 and n.
14
Suppose -5*m - q + 760 = 0, -m - 2*q + 206 = 54. Calculate the greatest common factor of m and 184.
8
Let i be 37488/660*170/4. Calculate the highest common divisor of 142 and i.
142
Let d(v) = -2*v**3 + v**2 + v. Let x be d(-3). Let z(l) = -2*l**3 + 69*l**2 - 586*l + 99. Let p be z(19). What is the highest common factor of x and p?
12
Suppose 74*u + 3*u = 2002. Calculate the highest common divisor of u and 767.
13
Suppose -7905*g = -7835*g - 2940. Calculate the highest common factor of g and 658.
14
Suppose -1944 = -2*r - 4*s, -69*r - 4*s = -64*r - 4872. What is the greatest common factor of 16 and r?
16
Let r be ((-45)/(-12))/((-3)/8) + 20826. What is the greatest common divisor of r and 16?
16
Suppose 134*u = 131*u + 2112. What is the highest common divisor of u and 99?
11
Let g(u) = -u**2 - 48*u - 271. Let v be g(-41). Calculate the highest common factor of 1032 and v.
8
Let g be (-120802)/(-1870) + 3/(-5). Calculate the highest common factor of g and 164.
4
Let f be -1*(-2)/((-4)/(-18)). Let x(y) = -y**2 - 53*y - 179. Let o be x(-40). Let b = -338 + o. Calculate the greatest common factor of b and f.
3
Let p be -6*-12*28/18. Let s(q) = -5*q + 11. Let n(j) = -2*j - 1. Let h(b) = -3*n(b) - s(b). Let t be h(2). Calculate the highest common factor of t and p.
14
Let z(m) = -m + 13. Let k be z(13). Suppose k = -12*w + 8*w + 672. What is the highest common factor of w and 21?
21
Suppose 3*d - 7845 + 69788 = 4*r, -2*r + 5*d = -30975. Calculate the highest common divisor of 95 and r.
95
Let b be (329/564)/(2/24). What is the greatest common factor of b and 224?
7
Suppose -35*y + 30*y - 985 = 0. Let q = -184 - y. What is the highest common divisor of 13 and q?
13
Let r be 11/(-88) + (-82)/(-16). Suppose -3*v = r*b - 1780, 5*b - 3*b - 10 = 0. Calculate the highest common divisor of v and 45.
45
Let u(v) = -3*v**2 - 46*v - 36. Let z be u(-13). What is the highest common factor of z and 1397?
11
Suppose 2*k + 1 = -3, 1312 = 4*h + 4*k. Let x = -232 + h. Calculate the greatest common divisor of x and 2.
2
Suppose 0 = -3*h - 130 + 136. Suppose -2*f - 4*u = 3*f - 35, h*u = -4*f + 28. What is the highest common factor of 63 and f?
7
Let w(g) = 7*g**3 + 7*g**2 + 17*g - 48. Let x be w(3). Calculate the highest common factor of 1445 and x.
85
Suppose -4*t + 2523 = 11*t - 837. Calculate the highest common factor of 756 and t.
28
Let o = 66078 - 12216. Calculate the greatest common divisor of 94 and o.
94
Suppose -5*i + 9*n - 8*n + 119 = 0, -4*n = -5*i + 116. What is the highest common divisor of 160 and i?
8
Suppose 0 = -5*x + 28*d - 32*d + 378, -5*d = -4*x + 286. What is the highest common divisor of 11137 and x?
37
Let z = 488 - -366. What is the greatest common divisor of 14 and z?
14
Let y = -4229 + 5689. What is the greatest common divisor of 80 and y?
20
Let p be (-1730)/50 - (-2)/(-5). Let f = 63 + p. Suppose -g - 4*s + f = 0, -g + 3*s + 36 = -s. What is the highest common factor of 8 and g?
8
Suppose 0 = -x + 5*h + 797, -3*h + 1255 + 1118 = 3*x. Calculate the highest common factor of 1908 and x.
36
Let y(o) = 19*o - 5. Let t be y(2). Suppose -t = -7*f - 5. Suppose 0*c - 5*k - 17 = -f*c, 0 = 3*c - 4*k - 13. What is the greatest common factor of 15 and c?
3
Let o = 45 - 41. Let r(p) = 3*p**2 - 2*p - 32. Let n be r(o). Calculate the greatest common divisor of n and 36.
4
Suppose 0 = -3*j - 12, 2*d - 5*j - 28 = -0*d. Suppose -3*f + 338 = -d*x, 4*x - 558 = -5*f + 8*x. Calculate the greatest common factor of 33 and f.
11
Suppose -2*o + 256 = 2*o. Let q(j) = -j + 3. Let d be q(3). Suppose -5*y + 20 = d, 12 = -2*u + 4*u - y. Calculate the greatest common factor of u and o.
8
Suppose -5*q = -2*s + 6*s - 84, 2*q - 48 = -4*s. What is the highest common factor of 3084 and q?
12
Let n be (40/30)/((-1)/(-129)). Suppose -3*o - 4*h + n = 0, h + 2*h = -5*o + 294. Suppose 13*k - 10*k - o = 0. What is the highest common factor of 140 and k?
20
Suppose 103*a - 18536 = 33582. What is the greatest common factor of 286 and a?
22
Let x = -4 - -14. Suppose 2*p = -5*i + 396 + 344, 1850 = 5*p + i. Calculate the highest common divisor of p and x.
10
Let u be (-4)/14 + 605/35. Suppose -3*s + 16 = -u. Suppose -5*f + 4*f = -33. What is the greatest common factor of f and s?
11
Let w(a) = -2*a**3 - 8*a**2 - 11*a + 3. Let j be w(-5). Suppose -3*p + 300 = 5*x - 387, -5*p + 20 = 0. What is the highest common divisor of x and j?
27
Let h(b) = -b**3 + 5*b**2 + 9*b - 2. Let i be h(6). Let p = 106 + -152. Let u = 86 + p. Calculate the greatest common divisor of u and i.
8
Let r = 301 - -179. Suppose -5*v + 7 + 251 = i, -2*i - v = -r. What is the greatest common factor of 34 and i?
34
Let l be -2*2039*21/(-21). Calculate the greatest common factor of 4 and l.
2
Suppose 3*x - 87 = 4*a + 34, -4*a = x - 51. What is the greatest common factor of x and 7267?
43
Let i(b) = -b**3 - 12*b**2 - 24*b - 24. Let n be i(-10). What is the highest common factor of 216 and n?
8
Let f = -21485 - -25786. What is the highest common divisor of f and 23?
23
Suppose 32 = -7*c - 31. Let t be 99 + (-5)/3*c/(-3). Calculate the greatest common divisor of 329 and t.
47
Let c = 16622 - 16542. What is the greatest common divisor of c and 635?
5
Let r be ((-140)/(-14) - 6)*692.